is the units digit of j?
4
What is the tens digit of -3 - (3/(-6)*8 - 199)?
0
What is the units digit of -2 + 3/6*62?
9
Let h = 3 - 2. Suppose 11*u - 39 = 8*u. Let l = u - h. What is the tens digit of l?
1
Let h(z) = -3*z - 6. Let b be h(-3). Suppose 0 = -5*j - 4*m + 75, b*j - m - 10 = 18. What is the tens digit of j?
1
Suppose o = 4*o - 99. Suppose 5*x = o + 12. What is the units digit of x?
9
Let v(x) = x**3 + 7*x**2 + 3*x. Let s be v(-6). Let c = 28 - s. What is the tens digit of c?
1
Let g be (-15)/(-10) + 3/2. Suppose -6 = -g*r, 2*w + 4*r - 39 = 5. What is the units digit of w?
8
Suppose 12 = b - 98. What is the units digit of b?
0
Let n(t) = -11*t**3 - 6*t**2 - t - 5. Let s(m) = -12*m**3 - 7*m**2 - m - 6. Let w(f) = 6*n(f) - 5*s(f). What is the units digit of w(-1)?
6
Suppose -2*x - 14 = -0*x. Suppose -k = -4*v + k + 44, 2*k = -4*v + 44. Let s = v + x. What is the units digit of s?
4
Let m(w) = -23*w + 2. What is the units digit of m(-1)?
5
Suppose 3*d - 5*d = -8. Let t be (8 + 0)/(2/d). Let z = -11 + t. What is the units digit of z?
5
Let p = 4 + 134. What is the hundreds digit of p?
1
Let w(y) = 22*y + 30. What is the units digit of w(15)?
0
Let z(b) = -b + 27. Let a be z(0). Suppose 4*l - a = 9. Suppose -4*o = -l - 47. What is the tens digit of o?
1
Let a be 0 - (-1 - 0) - -51. Suppose -4*g = -0*g - a. What is the tens digit of g?
1
Let f(m) = 2*m**3 + 17*m + 23*m**2 + 24 - m**3 - 6*m**2. What is the units digit of f(-16)?
8
Suppose 5*d = -0*d. Suppose d = 5*z + y - 25, 5*z - 2*y - 15 = 2*z. What is the units digit of 20/(-8)*(-14)/z?
7
Let k(x) = x**2 - 8*x. Let b be k(9). Suppose 0 = 2*y - 4*v + 2, b*v - 4*v = 5*y + 15. What is the units digit of y - (-9)/3 - -16?
4
Suppose 2*l = 6*l - 4. Let t = -5 + l. Let s = t + 16. What is the units digit of s?
2
Suppose 3*l = 8*l - 75. Let x be (-106)/10 - 6/l. Let m = -7 - x. What is the units digit of m?
4
Suppose 4*z = 4*u, -5 = -4*u + z - 2. Let a be (-5 + 4)/(u/6). Let q(p) = -2*p - 3. What is the units digit of q(a)?
9
Suppose -z - 5780 = -21*z. What is the units digit of z?
9
Suppose -6 = 4*w + 2. Let x be 2/2 - 0 - w. Let z = 4 - x. What is the units digit of z?
1
Let p = 13 - 8. Suppose 3*i = -5*c, 0*c = p*c. Suppose 3*l + 21 = 3*m - 0*m, 5*m - l - 51 = i. What is the units digit of m?
1
Let j = -10 - -5. Let b = j + 6. What is the units digit of (1 - b) + (0 - -1)?
1
Let b(f) = f**3 - 6*f**2 - 4*f + 5. Suppose -5*s - 14 = -7*s. What is the tens digit of b(s)?
2
Suppose 9*y + 1080 = 14*y. What is the units digit of y?
6
Suppose 10 = 5*u - 0, -3*j - 2*u + 4 = 0. Suppose j = 4*l + l, -3*m - 4*l + 33 = 0. What is the tens digit of m?
1
Let g = 144 - 20. What is the tens digit of g?
2
What is the units digit of ((-3)/(-18))/(2/4)*1164?
8
Let v(q) = q**3 - 7*q**2 + 7*q - 1. Let x be v(6). Suppose 115 = x*c - 65. What is the tens digit of c?
3
Let v = 5 + -2. Suppose -q + 4 = 2*n + 1, -v*q + 5 = 4*n. Suppose n = -d, 2*s - 2*d = 3*s - 1. What is the units digit of s?
5
What is the units digit of (2/4)/((-2)/(-68))?
7
Let r(d) = -8*d - 7. What is the units digit of r(-3)?
7
Let c(p) = -10*p - 23. What is the hundreds digit of c(-22)?
1
Suppose -42*j = -43*j + 108. What is the hundreds digit of j?
1
Let a(i) = i**2 - 3*i + 3. Let n be a(-7). Suppose 3*d + 28 = n. What is the tens digit of d?
1
Suppose 3*h - 23 = -8. Suppose -44 = -3*u - h. What is the tens digit of u?
1
Let o(k) = -6*k - 15. Let n be o(-11). Suppose 4*m - n = 29. What is the units digit of m?
0
Suppose -49 = i + 3*r - 380, 335 = i + 2*r. What is the hundreds digit of i?
3
Let l(d) = -2*d**2 - 6. Let r(k) = 3*k**2 - k + 6. Let h(q) = 4*l(q) + 3*r(q). What is the units digit of h(-3)?
2
Let r = -6 - -10. Let z(u) = 2*u - 6. Let b be z(5). Suppose r*m = 8*m - b. What is the units digit of m?
1
Let r(l) = l**2 - 6*l + 1. Let p be r(6). Suppose -u = -p, -2*n + n = -3*u. Suppose 5*b = -10, -4*b + b - 33 = -n*k. What is the units digit of k?
9
Let o(w) = w**2 - 8*w + 1. Let n(t) = 2*t**2 - t. Let v be n(2). Let k be ((-24)/9)/((-2)/v). What is the units digit of o(k)?
1
Let y(p) = -8*p + 2. Let o be y(-2). Let z be -2*(o/4)/3. Let t(r) = -r**3 - 2*r**2 + 1. What is the tens digit of t(z)?
1
Suppose -2*c - 3*n = -10, 0 = 5*c - 2*n - n - 25. What is the units digit of (c/(5/(-6)))/(-1)?
6
What is the hundreds digit of (-5)/(-140)*8 - (-1006)/7?
1
Let i be (-1)/((-2)/4)*10. Suppose 0 = 3*b - b - 4*u - i, 4*b + 5*u - 14 = 0. Let k = 11 - b. What is the units digit of k?
5
Suppose 0 = -4*m + 4, -2*h - m = 2*h - 1. Suppose 51 = d - 4*w, h = -4*d - w + 141 - 5. Let k = d - 25. What is the units digit of k?
0
Suppose 4*z = -2*v - 0*z + 4, 4*v - 26 = -2*z. Let j be (8/(-6))/(v/(-36)). Suppose -5*t + 2*k + 9 = -j, t + 5*k + 24 = 0. What is the units digit of t?
1
Let l be (-4)/6*(-12)/8. What is the units digit of -4*(l + 46/(-8))?
9
Let j(q) = q**3 - 8*q**2 + 6*q + 6. Let v be j(7). What is the units digit of v + 3 + 0 + 0?
2
Let r(a) = 2*a - 10. Let h be r(8). Let x = 12 - h. What is the units digit of x?
6
Let x(o) = o**2 + 5*o + 26. What is the tens digit of x(-7)?
4
Let q(p) = 2*p**3 - 8*p**2 + 6*p - 7. What is the units digit of q(5)?
3
Suppose -108 = -6*f + 3*f. Suppose -y + 9 = p, 0*y - f = -4*p - 3*y. What is the units digit of p?
9
Let v(u) be the first derivative of u**4/4 - u**3 + 3*u**2/2 + 2*u + 9. Let p = 5 + -2. What is the units digit of v(p)?
1
Suppose 6*c - 5*c + 5*p = 3, 0 = 3*c - 3*p - 27. Let k = -1 + 13. Let q = k - c. What is the units digit of q?
4
What is the tens digit of (5 + -6)*(-1 - 50)?
5
Suppose -3*z - d = 3*d - 13, -4*d = 5*z - 35. Suppose z = 3*r + 4*k, 0 = -5*r - 3*k + k + 23. What is the units digit of r?
5
Suppose 0 = i - 5*u + u - 26, 0 = u + 4. What is the tens digit of i?
1
Suppose 2*o = 5*j - 3*o - 80, 2*o = -j + 19. What is the units digit of j?
7
What is the units digit of 150/(-6)*1/(-1)?
5
Let v be 12/8 + 2/4. Let g be 4/v + 1 + 1. Suppose -u - 3*u = -g. What is the units digit of u?
1
Suppose 0 = 2*z - y - 4 + 1, 0 = -5*y + 5. What is the units digit of z?
2
Let g = 5 - -18. What is the tens digit of g?
2
Let b = -268 - -480. What is the tens digit of b?
1
Suppose -4*b = 4*l - 6*b - 16, 5*b + 1 = -3*l. Let x(k) be the third derivative of k**4/24 + k**3/3 - 2*k**2. What is the units digit of x(l)?
5
Let t = -10 + -2. Let s = 11 - t. Let d = -14 + s. What is the units digit of d?
9
Suppose 3*p = -l + 33, 2*p - 3*p + 59 = 3*l. What is the tens digit of l?
1
Let f = 235 + -87. What is the tens digit of f?
4
Suppose 2*o - c = -o + 16, -5*o - c + 24 = 0. Suppose 0 = -3*h + o*h. Let g = 1 - h. What is the units digit of g?
1
Let b(g) = g**2 + 7*g - 8. Let v be b(-8). Suppose -5*o - r - r = -112, 2*o - 2*r - 56 = v. Suppose 2*u + u = o. What is the units digit of u?
8
Suppose 4*s = -4*c + 412, 5*s = 3*c - 155 - 146. What is the hundreds digit of c?
1
Suppose 3*m = m + 8. Suppose 0 = -4*i + 3*y + 14, 0 = 2*i - m*y + 3*y - 6. Suppose -5*s = -4*x - 81, -s + i*s = -x + 18. What is the units digit of s?
7
Suppose -2*u + 5*a - 2*a + 148 = 0, 3*u - 2*a = 232. What is the tens digit of u?
8
Suppose -2*f = -10 - 28. What is the tens digit of f?
1
Let x(a) = a**3 - a + 2. Let y be x(0). Let t be (y/8)/(2/8). Suppose -2*p + 19 - t = 0. What is the units digit of p?
9
Let k(j) be the second derivative of j**5/20 + 2*j**4/3 + 2*j**2 + 7*j. What is the units digit of k(-7)?
3
Let i(f) = 13*f**3 + 3*f**2 - f - 1. What is the hundreds digit of i(2)?
1
Suppose -r + 8 = 2*z, -3*z = 2*z + 5*r - 10. Let s = z + -4. Suppose s*l + 0 = 2. What is the units digit of l?
1
Let i(p) = 8*p**2 - 2. Let z be i(1). Suppose 0*g + g + 5*t = 41, 4*t = -5*g + 121. What is the units digit of z/g - 57/(-21)?
3
Let y(o) be the second derivative of -o**4/12 + 5*o**3/6 + o**2/2 + 3*o. What is the units digit of y(5)?
1
Let d = 2 + 18. Suppose i - d + 2 = 0. What is the tens digit of i?
1
Let o = 375 - 239. What is the tens digit of o?
3
Let l = -7 + 5. Let w(n) = -n**2 + n + 2. Let t be w(l). What is the units digit of (-6 + -2)*(t + 3)?
8
Suppose 3*l + 1 = -2, -750 = -4*k + 2*l. What is the tens digit of k?
8
Let z be -4*(0 + 15/12). Let p(j) = -j + 6. Let d be p(z). Suppose 2*x + d = 33. What is the units digit of x?
1
Let p = -41 - -134